000000111011
Convert -1727314 (base 9) to base 8.
-3531301
What is -2b42042 (base 12) in base 6?
-512304122
27754 (base 13) to base 4
102000121
Convert 102300414 (base 5) to base 12.
189767
What is 73958 (base 13) in base 9?
346425
Convert 1000022122 (base 4) to base 7.
2143132
-908a3 (base 14) to base 5
-42104310
What is 123663403 (base 7) in base 14?
10922aa
What is -1397c7 (base 14) in base 15?
-d642a
What is 2525341 (base 6) in base 16?
2133d
Convert -10010100110010001000 (base 2) to base 10.
-609416
1220210120212 (base 3) to base 9
1823525
What is -42440111 (base 6) in base 12?
-503037
Convert 1278882 (base 10) to base 15.
1a3ddc
What is 10201111100011 (base 3) in base 4?
13202322220
What is -12263171 (base 8) in base 9?
-5084736
What is -d34b (base 14) in base 11?
-25325
What is -1365797 (base 11) in base 2?
-1000111101110001011000
130cb7 (base 13) to base 11
293a73
What is -60342455 (base 7) in base 11?
-290725a
What is -1000110110101000010001 (base 2) in base 11?
-1345811
Convert -110001111111101110011011 (base 2) to base 9.
-26585135
Convert -7943b (base 12) to base 5.
-20130302
Convert 225356214 (base 7) to base 9.
28017480
-270244 (base 10) to base 13
-96010
Convert 4038031 (base 11) to base 7.
114460542
Convert 1311041102 (base 5) to base 12.
10b42a2
-2625135 (base 9) to base 8
-5360710
-13134132342 (base 5) to base 9
-33630781
Convert 110001110 (base 2) to base 8.
616
-946818 (base 10) to base 6
-32143230
What is 6e0dc (base 16) in base 3?
211220100120
Convert 4a173 (base 12) to base 2.
11000100001100111
-544e66 (base 15) to base 3
-21120001002020
Convert 1265204 (base 7) to base 15.
3495b
Convert -5483150 (base 10) to base 4.
-110322222032
22302220 (base 4) to base 16
aca8
What is 63507 (base 11) in base 4?
112210203
Convert 443440 (base 5) to base 12.
8b73
Convert -21000120020 (base 3) to base 7.
-1113615
What is -145513 (base 7) in base 14?
-a4b3
What is -11131020323 (base 4) in base 13?
-3b0bca
Convert -1332021133 (base 4) to base 14.
-d6435
What is -1d18c (base 16) in base 4?
-131012030
Convert -27f7e1 (base 16) to base 4.
-21333133201
Convert -25a2a03 (base 11) to base 2.
-10001001010010011100110
What is 3371214 (base 9) in base 7?
21312112
-737513 (base 11) to base 8
-4403040
Convert 98371 (base 10) to base 7.
556540
Convert 11021101022 (base 3) to base 13.
2c393
What is 216313 (base 12) in base 10?
529215
Convert 13898 (base 10) to base 13.
6431
What is -10141 (base 9) in base 15?
-1ea4
What is 22444616 (base 9) in base 2?
101001100011110101010101
23302344 (base 5) to base 10
212849
26275671 (base 8) to base 3
102000221102011
10011110111100100 (base 2) to base 16
13de4
What is 3473273 (base 8) in base 4?
3213122323
What is -20230443 (base 5) in base 4?
-220022102
What is -230322311213 (base 4) in base 14?
-17c7435
Convert -7aa4844 (base 11) to base 7.
-231252002
Convert 7386466 (base 9) to base 6.
220431440
What is 235749 (base 10) in base 11?
151138
286776 (base 11) to base 2
1101101011010010010
34230021 (base 6) to base 15
159d5a
Convert -11010000010011101011000 (base 2) to base 3.
-110211210021000
-52204 (base 12) to base 8
-321644
Convert -442441012 (base 5) to base 6.
-105103142
What is 404244410 (base 6) in base 7?
112606602
What is -513311451 (base 6) in base 4?
-201232323313
What is 789796 (base 15) in base 9?
11737216
What is -417a07 (base 13) in base 4?
-11311232321
Convert -202031131 (base 4) to base 2.
-100010001101011101
2857377 (base 9) to base 5
400322440
-a8fd1 (base 16) to base 3
-1022011111012
Convert -111010011111101100 (base 2) to base 15.
-4aed1
Convert 81336 (base 9) to base 14.
156cd
What is 4550416 (base 8) in base 6?
42233034
Convert 8097 (base 10) to base 15.
25ec
What is -1114026 (base 7) in base 5?
-13410444
What is 211778 (base 11) in base 5?
41322011
23073505 (base 8) to base 4
103013131011
What is 37820 (base 9) in base 4?
12031230
What is -33145 (base 6) in base 4?
-1013321
-12142020 (base 6) to base 4
-1132121130
-101220022022 (base 3) to base 7
-1552340
What is -1526236 (base 8) in base 7?
-3501144
Convert 2370334 (base 10) to base 15.
31c4c4
-1ca17 (base 13) to base 14
-168d5
1197c3 (base 13) to base 8
1466151
-13343432 (base 5) to base 3
-20222102200
Convert 1d4c1 (base 16) to base 3.
20002121111
516859 (base 11) to base 14
178122
Convert 125119 (base 16) to base 12.
49a821
What is -912725 (base 10) in base 8?
-3366525
-1238520 (base 9) to base 7
-5512215
111112404 (base 5) to base 16
7741f
What is 221002110220 (base 3) in base 13?
143a4b
Convert 46a71 (base 15) to base 11.
144142
Convert -10011111010011000100 (base 2) to base 6.
-21552432
Convert -d53 (base 14) to base 16.
-a3d
Convert -7a5be (base 15) to base 2.
-1011111000100110101
Convert -10340442 (base 5) to base 14.
-24bb4
Convert -57896a (base 11) to base 3.
-1201201101121
What is -203612 (base 13) in base 6?
-24025102
-1011001111000000001001 (base 2) to base 10
-2945033
50315321 (base 6) to base 13
3abac3
Convert 77578 (base 9) to base 7.
303110
Convert 221022222222 (base 3) to base 15.
9cb25
What is 479a255 (base 11) in base 9?
16650327
Convert -a4583 (base 14) to base 6.
-12254223
Convert 30920 (base 15) to base 11.
a5717
Convert 414e3 (base 15) to base 16.
3288c
What is 711626 (base 8) in base 3?
102220112010
Convert -736723 (base 8) to base 9.
-413317
Convert -95685 (base 13) to base 5.
-32103112
What is -402163 (base 7) in base 2?
-10000100110101000
Convert 1013344000 (base 5) to base 9.
3835557
Convert 20331113300 (base 4) to base 12.
953128
-120922 (base 10) to base 2
-11101100001011010
Convert -232032100 (base 4) to base 2.
-101110001110010000
What is -671483 (base 10) in base 3?
-1021010002202
What is 31813 (base 10) in base 3?
1121122021
What is -10000000010010001 (base 2) in base 16?
-10091
9183b (base 15) to base 3
212102011202
-243429 (base 11) to base 9
-646321
19a8734 (base 11) to base 15
46b292
Convert -310231 (base 5) to base 11.
-7621
Convert -4a1843 (base 13) to base 7.
-21040065
442500 (base 8) to base 15
2e150
What is 81898 (base 14) in base 11?
1a3271
What is -19478 (base 11) in base 6?
-325513
What is 3b39a81 (base 13) in base 16?
11ce91d
207c8 (base 13) to base 9
88175
34349 (base 10) to base 2
1000011000101101
-100102212002 (base 3) to base 2
-101101010110111101
Convert 128765 (base 9) to base 8.
231445
What is 5c48 (base 16) in base 15?
6eee
Convert -22361 (base 7) to base 9.
-7708
-210842 (base 10) to base 3
-101201012222
270370 (base 8) to base 10
94456
-11538478 (base 9) to base 3
-101121022112122
Convert 29296 (base 13) to base 9.
127101
What is 2076875 (base 11) in base 6?
210155353
51267 (base 12) to base 4
121310233
63a7f6 (base 16) to base 10
6531062
-145acd (base 16) to base 6
-44331433
Convert 1116188 (base 9) to base 15.
bd3ab
Convert -723a1 (base 11) to base 2.
-11001110010010111
Convert -772013 (base 8) to base 9.
-434350
-74778a (base 11) to base 4
-10210002113
Convert -554620 (base 10) to base 4.
-2013121330
Convert -1022303 (base 7) to base 8.
-360627
What is 3aa2421 (base 11) in base 15?
94b367
What is -51e059 (base 15) in base 13?
-a64a48
-1111010111011001001 (base 2) to base 8
-1727311
What is 1200011333 (base 4) in base 16?
6017f
-2111001112 (base 3) to base 9
-74045
What is -1000111000000001011 (base 2) in base 7?
-2320615
What is -120424424 (base 5) in base 15?
-b145e
c01b5 (base 15) to base 4
2110122113
Convert -30320e (base 16) to base 6.
-151410514
What is 29207 (base 10) in base 5?
1413312
What is 77b243 (base 12) in base 4?
13101122103
Convert 285b0 (base 13) to base 15.
1765b
What is 1000101010011000101111 (base 2) in base 13?
616765
What is 1210015 (base 7) in base 11?
a5506
13857aa (base 12) to base 13
a6ab18
What is 12773c8 (base 13) in base 6?
324000044
What is -40dc7 (base 14) in base 11?
-a7550
Convert 6355675 (base 8) to base 10.
1694653
Convert 906a1 (base 11) to base 13.
48486
What is -4264445 (base 9) in base 14?
-4373c1
Convert -1622225 (base 9) to base 7.
-10440236
-84a97 (base 11) to base 4
-132031320
Convert 1505022331 (base 6) to base 2.
1000111011000011010001111
-10000111100000001 (base 2) to base 5
-4210002
35742 (base 15) to base 9
278648
-6100735 (base 8) to base 3
-10000121011112
Convert -1102a (base 15) to base 10.
-54040
Convert -217347b (base 13) t